2*z**2 - 24*z - 16. What is the remainder when m is divided by v(13)?
5
Let h be (-2 - -1) + (65 - 4). Suppose 4*y + 4*i = h, 4*y - 4*i + 28 = 104. Calculate the remainder when y is divided by 3 + (-1 - -4) + -1.
2
Suppose -2 = -c + 14. Let q(s) = -47 + 9*s + 2*s**2 + 27 + 0*s**2. What is the remainder when q(-9) is divided by c?
13
Let m be ((-195)/(-52))/((-6)/32). Calculate the remainder when 18 is divided by 1/5 + (-196)/m.
8
Let y(v) = -13*v**3 - v**2. Suppose -19 - 5 = 2*s. Let i = 19 - s. Calculate the remainder when i is divided by y(-1).
7
Suppose -2*u - 1192 = -10*u. Let i = 327 - 288. Calculate the remainder when u is divided by i.
32
Let i(x) = x**2 - 5*x + 30. Let d = 25 + 4. Calculate the remainder when i(10) is divided by d.
22
Let i(c) = 5*c**2 - c - 26. Let u(w) = -11*w**2 + 3*w + 53. Let g(v) = 7*i(v) + 3*u(v). Calculate the remainder when g(10) is divided by 22.
21
Let l be (-136)/(-5) + (-1)/5. Let x(o) = -o**3 - 5*o**2 - o - 1. Let z be x(-4). Let b = l + z. Calculate the remainder when 55 is divided by b.
13
Let c(i) = -5*i - 17. Let h be c(7). Let m = 12 - h. Calculate the remainder when m is divided by 34.
30
Let c(a) = 2*a - 3. Let p be c(5). Suppose p*g - 12 = 3*g. What is the remainder when 16/3 + 8/(-6) is divided by g?
1
Suppose o + 179 = 222. Suppose -2 + 29 = 3*z. What is the remainder when o is divided by z?
7
Let k be 4/(16/(-11))*4. Let t(r) = -2*r + 20. Calculate the remainder when t(k) is divided by (1/(1/15))/1.
12
Calculate the remainder when (12 + 418/(-33))/(2/(-3303)) is divided by 12.
9
Let c be (6/(-3) - 0)/(-1) - -2. Suppose -h - 192 = -c*h. Calculate the remainder when h is divided by 23.
18
Let s = 117 + -68. Calculate the remainder when s is divided by 104/12*(6 + -3).
23
Suppose 0 = 4*a - 3*o + 37, 5*o = -0*a - 2*a - 51. Let c(v) = v + 24. Let f(w) = 31*w. What is the remainder when f(1) is divided by c(a)?
9
Suppose 9*x - 6*x - 12 = 0. Suppose 0 = -3*q - 4*r - x, -q = r. What is the remainder when 6 is divided by q?
2
Let n = 5 - 2. Suppose -n = j - 11. Suppose 4*s - 102 = -42. Calculate the remainder when s is divided by j.
7
Let w(u) = u**3 + 13*u**2 - 38*u - 35. Calculate the remainder when w(-15) is divided by 9.
4
Let v(s) be the second derivative of -s**3/6 + s**2 + 13*s. Calculate the remainder when v(-10) is divided by 7.
5
Let d(h) = -h. Let y = 16 + -23. Calculate the remainder when 39 is divided by d(y).
4
Suppose 0 = 3*r - 8*r - 30. Let f(a) be the second derivative of a**4/12 + a**3/3 + 9*a**2 + a. What is the remainder when f(r) is divided by 23?
19
Let f = -37 - -53. Suppose 64 = 4*g + f. Calculate the remainder when g is divided by (-3 - -7) + (5 - 2).
5
Suppose 0 = -5*d + 25, 0 = -2*j + 4*j + 4*d - 18. What is the remainder when 39 is divided by j/((-3)/(1*30))?
9
Suppose 20*u + 14 = 21*u. Calculate the remainder when -37*(2 - 5)/3 is divided by u.
9
Let i = -63 - -67. What is the remainder when 36 is divided by i?
0
Let v = 310 + -295. Calculate the remainder when 73 is divided by v.
13
Let h(w) = w**3 - 8*w**2 + 4*w + 57. What is the remainder when h(8) is divided by 3?
2
What is the remainder when (-1 + 3/2)*26 is divided by 8?
5
Let j(y) = y**3 + y**2 + 35. Let v(h) = -4 + h**2 - h**2 + h**2. What is the remainder when j(0) is divided by v(4)?
11
Suppose -6*v = -5*v - 95. Suppose 0 = 11*a - 269 + 5. Calculate the remainder when v is divided by a.
23
Suppose 0 = -22*r + 4166 + 564. What is the remainder when r is divided by 66?
17
Suppose 4 = 7*b - 17. Suppose b*a = -2*c + 53, -80 = -5*a + 8*c - 3*c. What is the remainder when 33 is divided by a?
16
Let p = 327 + -311. Let j be 7*-7*1 - -3. What is the remainder when (-1 + j)/(6/(-6)) is divided by p?
15
Let d = -61 + 71. Calculate the remainder when 21 is divided by d.
1
Let k(f) = -2*f**2 - 8*f - 8. Let a be k(-4). Let q(p) = p**3 + 8*p**2 - 2*p + 6. What is the remainder when 62 is divided by q(a)?
18
Suppose 0 = -5*q + 3*a + 447, 4*q = -q + a + 439. Calculate the remainder when q is divided by 10.
7
Let m = 8 - -232. Suppose h + m = -3*h. Calculate the remainder when 47 is divided by (45/(-12))/(9/h).
22
Let h = 79 + -86. Let v(n) = -n**2 - 11*n - 18. Let r = -11 - -39. Calculate the remainder when r is divided by v(h).
8
Let u(m) = -m**3 + 9*m**2 - 11*m + 4. Let y be (42/(-9))/((-14)/21). Calculate the remainder when u(y) is divided by 13.
12
Suppose -3*x + 0 = 9, -2*y + 4*x = -38. Calculate the remainder when 36 is divided by y.
10
Let p = 37 + -18. Suppose -2*k + 5*r = -36 - p, 100 = 5*k - 5*r. Let g = k - 14. Calculate the remainder when 3 is divided by g.
0
Let k(q) be the third derivative of 11*q**4/24 - 10*q**3/3 + 21*q**2. Calculate the remainder when k(5) is divided by 14.
7
Let o(b) = -b**2 - 17*b - 9. Calculate the remainder when 166 is divided by o(-13).
37
Let i(o) = -9*o - 43. Calculate the remainder when 519 is divided by i(-8).
26
Let l be (-2 - -4 - 1)/(2/2). What is the remainder when 9 is divided by 8 - (l - 2 - 52/(-13))?
4
Calculate the remainder when 10/(-4)*29304/(-495) is divided by 14.
8
Let j be 0/(-3)*((-12)/8 + 2). Suppose j = -h - 3*x + 171, 7*x + 471 = 3*h + 2*x. What is the remainder when h is divided by 33?
30
Let s = 84 + -53. Calculate the remainder when 114 is divided by s.
21
Suppose g - 64 = -3*a + 43, 2*a = -g + 70. Calculate the remainder when 424 is divided by a.
17
Let i(j) = -j**3 + 5*j**2 - 3*j + 9. Let q be i(4). Suppose 0 = v - 3*d - q, -3*d + 91 = 4*v - 2*d. What is the remainder when 64 is divided by v?
20
Suppose 45 = 2*v - 5*s, 2*v + 2*s - 53 = -s. Calculate the remainder when 65 is divided by v.
15
Let r = -2 - -4. Suppose -r*j + j = -16. Suppose 4*b = j + 44. Calculate the remainder when 57 is divided by b.
12
Let t(u) = 11*u**2 + 2*u - 1. Let b(i) = i**3 + 6*i**2 - 6*i + 8. Let c be b(-7). Suppose 7*f - 188 = 43. What is the remainder when f is divided by t(c)?
9
Suppose -4*r + 2*g = -26, -221*r + 5*g = -216*r - 25. Calculate the remainder when 504 is divided by r.
0
Suppose 0 = 3*f - 0*f + 5*a - 36, f = -3*a + 8. Suppose 5*m - 107 = 53. What is the remainder when m is divided by f?
15
Let h(o) = o**3 - 8*o**2 - 20*o - 10. What is the remainder when h(11) is divided by 15?
13
Let q(v) = v**2 - 1. Let s(b) = 3*b**2 + 6*b + 3. Let o(k) = 2*q(k) - s(k). Let f = -24 - -31. Calculate the remainder when f is divided by o(-3).
3
What is the remainder when -2*(-556)/12 - 10/15 is divided by 47?
45
Let k = 7 - 2. Suppose -k - 8 = -a. Suppose 2*o = -3*c + 65, 3*o + c + 17 = 125. Calculate the remainder when o is divided by a.
11
Let s = 28 - 16. Let u = 34 - s. Calculate the remainder when 84 is divided by u.
18
Let k(p) = p**3 - 7*p**2 + 4*p - 1. Let h = 77 + -63. What is the remainder when k(7) is divided by h?
13
Let b be 9/9 - (-164)/(-2). Let d be b*8/(-12) + -4. Calculate the remainder when 6 is divided by (-8)/(-36) - d/(-18).
0
Suppose 15*s = 12*s - 9. Let j(v) = -2*v**3 - 4*v**2 - 8*v - 4. Calculate the remainder when j(s) is divided by 13.
12
Suppose 56*b = 51*b + 5, -243 = -5*i + 2*b. Calculate the remainder when 235 is divided by i.
39
Let c(u) = u**3 - 9*u - 56. What is the remainder when c(8) is divided by 125?
9
Suppose 0 = -3*b - 2*b - 2*w + 23, 0 = -2*b + 4*w - 10. Calculate the remainder when 27*(16/6)/4 is divided by b.
0
Suppose 3*j = 4*d + 582, 17*d - 16*d - 597 = -3*j. Calculate the remainder when j is divided by 69.
60
Let g(z) = -9*z**2 + 4*z**2 + 7*z**2. Suppose 92 = 3*v + v. What is the remainder when v is divided by g(2)?
7
Let t(h) = -h + 12. Let g(j) = -j**2 - 9*j - 10. What is the remainder when g(-6) is divided by t(8)?
0
Let n(j) = j. Let f be n(0). Suppose -54 = -3*c - f*c. What is the remainder when c is divided by (-403)/(-31) - (-8)/(-4)?
7
Let t = 5 + -6. Let m = t - -12. Calculate the remainder when 16 is divided by 9/(-12)*(-1 - m).
7
Let f be (-4)/(-4 + (-123)/(-30)). Let b = f - -56. What is the remainder when 77 is divided by b?
13
What is the remainder when 7 - (10 - -4) - -8 - -97 is divided by 45?
8
Suppose 0 = 42*q - 45*q + 6. What is the remainder when 46 is divided by q?
0
Let z(f) = 26*f**2 - 18*f + 16. What is the remainder when 87 is divided by z(1)?
15
Suppose 2*m + 2*z = 48, 8*z - 5*z - 47 = -2*m. Calculate the remainder wh